 -3*a + 27, -s - 41 + 4 = -5*a. Determine n(a).
18
Suppose 2*q + 5*k = -43, 3*q - 55 = 8*q + 2*k. Let n(b) = 2*b**2 + 21*b + 21. Calculate n(q).
-6
Suppose 5 = f - 0*f. Let a = f + -4. Let o(q) = 0 - 2 - 2*q + a + 4*q. Give o(-2).
-5
Let q(k) be the first derivative of k**4/4 + 2*k**3/3 - 3*k**2 - 4*k - 172. Determine q(-3).
5
Let n(u) = -u. Let q(v) = v - 2. Let y be q(-3). Let z be n(y). Let o(m) = -2*m**3 - 3*m - 34 + 6*m**2 + m**3 + 30. Calculate o(z).
6
Suppose 0*d + 5*d = -60. Let f = 39 + d. Let i(k) = -5*k + k**2 - 29 + k + f. Give i(6).
10
Let g = -26 + 33. Let x(l) = -13*l**2 + 10*l - l - 4 + 2*l**2 + 10*l**2 + l. Calculate x(g).
17
Suppose 2*v - 9*v = 28. Let m = -1 + 6. Let d(u) = -91*u**2 + 2*u - 5*u + m + 90*u**2. What is d(v)?
1
Let n(t) be the first derivative of -t**3/3 - 2*t**2 + 6*t + 606. Calculate n(-10).
-54
Let k(i) = 9*i + 13. Let a(z) = 2. Let c(s) = -6*a(s) + k(s). Calculate c(-1).
-8
Let v be 5/((-5)/(-2)) + 1*4. Let c be (5/v)/((-9)/(-54)). Let o(a) = -9 + a**2 + 2 + 0 - 2*a. What is o(c)?
8
Suppose 4 = 9*w - 14. Let t(m) = -13*m**w + 1 - 5*m + 3*m + 3*m**2. Let q = -1 - -2. Determine t(q).
-11
Let k(l) = 9*l - 1915*l**2 + 1916*l**2 - 5 + l. What is k(-11)?
6
Let k(l) be the first derivative of -26 + 4*l + 1/4*l**4 - l**2 - 5/3*l**3. What is k(5)?
-6
Let i(b) = 4 - 9 + 3*b - 6*b + 6*b + 4. Suppose p + 2 = -0. Let l be 2/p*(-1 - 0). Calculate i(l).
2
Let s(h) = h**2 - 53 + 9*h - 58 + 104. Determine s(-9).
-7
Let g = -32 + 33. Let s(m) = -16*m**2 + 1. Determine s(g).
-15
Let k(o) = o - 2. Let c = 6 + -12. Let q be c*8/(-12) + -6. Calculate k(q).
-4
Let y(i) = -i**3 + 2*i**2 - 2*i + 1. Let c be y(1). Let r(k) = -8 - 5 + 1 - k + c*k. Give r(0).
-12
Let f(o) = 4*o**3 - 9*o**2 - 18*o + 11. Let a(p) = -3*p**3 + 8*p**2 + 17*p - 11. Let d(c) = -3*a(c) - 2*f(c). Give d(8).
19
Suppose 0*t - 2*t = 9*t. Let z(y) be the third derivative of -1/24*y**4 + t*y - 1/5*y**5 - 1/6*y**3 + 0 + 5*y**2. What is z(-1)?
-12
Let r be ((-24)/(1 - 3))/((-1)/(-1)). Let j(b) = 9*b + 18 - r*b**3 - 6*b**3 + 19*b**3 - 7 - 11*b**2. What is j(10)?
1
Let y(r) = -12*r + 8*r + 10*r - 8*r + 2. Give y(-3).
8
Let b(r) = -6 + r**2 - 7 + 11 + 2 + 6*r. What is b(-5)?
-5
Let k(o) = -4*o**2 - o**2 - 8*o - 2 + 4*o**2 + 2*o. Determine k(-4).
6
Let l(x) = 7*x**2 - 39175*x**3 + 39174*x**3 + 0*x**2 + 3 - 5*x. Suppose -5*g + 6 = -4*g. Give l(g).
9
Let a(v) = v**2 + 0 - 13975*v - 6 + 13968*v. What is a(9)?
12
Let j(i) = 130*i**2 - 7 - i**3 + 16*i + 12*i - 135*i**2 - 30*i. Give j(-6).
41
Let i(c) = 6*c**2 - 3*c - 5. Let d(l) = -l**2 + l + 1. Let u(k) = -11*d(k) - 2*i(k). What is u(-2)?
5
Suppose 21 - 3 = 6*t. Suppose -3*x - 16 = -u, -u - 17 = 3*x - t*u. Let v(b) be the third derivative of -b**4/24 + b**3/6 - b**2. Calculate v(x).
6
Let y(d) = d**3 - 4*d**2 + 3*d - 1. Suppose -10*k = -89 - 31. Suppose 5*g + 5 = -0, -4*i - 4*g + k = 0. Calculate y(i).
11
Let h(o) = 3*o**2 - 3*o + 7. Let v(y) = -2*y**2 + y - 4. Let p(m) = -3*h(m) - 5*v(m). Calculate p(-4).
-1
Let p(j) = j**2 - 9*j - 5. Suppose 3*v - 3*r - 30 = -7*r, -r - 10 = -v. Calculate p(v).
5
Let d(n) = -n**3 - n**2 - 2*n**2 - 1 + 2*n - 2 - 5*n. Suppose 0 = -5*w + 12 - 2. Let j be w/(-4) + 42/(-28). Give d(j).
-1
Let n(r) = -5*r**2 + 14*r - 2. Let l be n(3). Let m(s) = -s**3 - 4*s**2 + 5*s - 2. What is m(l)?
-2
Suppose -49*o - 102 = -66*o. Let p(t) = -t + 1. What is p(o)?
-5
Let x(h) = -6*h**2 - 14*h + 9. Let j(v) = v**2 + v. Let s(g) = -7*j(g) - x(g). Calculate s(8).
-17
Suppose -3*w + 8 = -w. Let x(r) be the third derivative of r**6/120 - r**5/15 + r**4/6 - r**3/6 - 44*r**2. Determine x(w).
15
Suppose 16 = 4*r - x, -4*r + x + 3*x = -4. Let c = r + -6. Let n(g) = g - g - g + 3*g. What is n(c)?
-2
Suppose -3*m - 100 = -5*b + 2*m, 5*b = -3*m + 76. Let u(w) = -4 + 8*w + 6*w**2 + 4*w**2 - b*w**2 - w**3. Calculate u(-8).
-4
Let s be ((-14)/(-3))/((-2)/(-3)). Suppose -2*g + 2*f = -17 + s, -g + 9 = 3*f. Let d(o) be the first derivative of -o**4/4 + 2*o**3 - 4*o - 16. Give d(g).
-4
Let z(u) = 1958 - 3*u + 2*u - u - 1921. Give z(16).
5
Let q = -37 + 39. Let r be (-54)/(-9) + -4 + q. Let z(k) = -3*k + 3. Give z(r).
-9
Let u(w) = 2*w - 5. Suppose -3*i + 2*i = 2*s + 6, -3*i = s - 7. Suppose -16 = i*v, 4*l + 0*l - 4 = 5*v. What is u(l)?
-13
Suppose 3 = -2*p + 3*t - 4, 2*t = 2*p + 6. Let n(h) = 6*h + 1 - 3*h + 6*h**2 - 2*h**2. Determine n(p).
11
Suppose -4*z - 17 = -l + 1, 3*z + 22 = 5*l. Suppose -l*w = 2*w + 20. Let j(c) = -c**3 - 6*c**2 - 4*c + 2. What is j(w)?
-3
Let t(w) be the second derivative of -4*w**3/3 - w - 3. Determine t(-2).
16
Let s(k) = -109*k + 3 - 4*k**2 - 1 + 13*k**3 - 12*k**3 + 105*k. Let l be (2 - 12)*1/(-2). What is s(l)?
7
Let x(w) be the third derivative of -w**4/24 + w**3/3 - w**2. Let u = -92 + 96. Suppose -g + 2*n + 4 = 0, n = -u*g - 3 + 1. Determine x(g).
2
Suppose 3*f + 2*n + 131 = 0, 2*f - f + 45 = -n. Let m = -39 - f. Let t(w) = 4*w + 2. Give t(m).
10
Suppose 14 = -5*s + 44. Let d(h) = -99*h + s + 6*h**2 + 35*h + 30*h - h**3 + 31*h. Give d(5).
16
Let w(q) = -2*q**3 + 3*q**2 + 4. Let z = 32 - 52. Let j(n) = -n**3 - 21*n**2 - 20*n + 3. Let s be j(z). What is w(s)?
-23
Let o = 63 + -39. Let m(u) = -o*u - 2 + 45*u + 5 - 32*u. What is m(2)?
-19
Let d(f) = 2*f - 60. Let b be d(31). Let u(k) = 3*k**2 - 3*k - 2*k - 4*k**b + 0*k**2 - 10. Give u(-7).
-24
Let d = -11 - -13. Let g = 6 - d. Let o(y) be the second derivative of -y**5/20 + y**4/4 + 5*y**3/6 + 3*y**2/2 + y. Give o(g).
7
Let j be (-2)/(-2) + 1 + 2. Let w(l) = 28*l + 0 - 27*l - 3. Calculate w(j).
1
Suppose 10 = 5*t + 30. Suppose -3*m = 4*o - 2 - 10, 6 = 2*o - 3*m. Let n(c) = -3 + 22*c**2 - c - 21*c**2 + o*c. Determine n(t).
5
Let k(z) be the first derivative of z**4/4 - z**3/3 - z**2/2 + 210. Calculate k(-2).
-10
Let k(j) be the third derivative of -j**6/120 + j**5/6 - 5*j**4/12 - j**3 - 18*j**2 - 4*j. Give k(9).
-15
Let w(x) = -x + 6. Suppose -5*z = 4*l - 7 - 19, -3*z + 14 = 2*l. Suppose 2*b = 7*b + z*q - 37, -5*b + 32 = -3*q. Determine w(b).
-1
Let x(i) = 11*i + 18. Let o(l) = -10*l - 13. Let p(s) = 3*o(s) + 2*x(s). Calculate p(-6).
45
Suppose 0 = 21*i + 133 + 35. Let u(t) be the third derivative of -t**4/24 - t**3/2 - 2*t**2. Determine u(i).
5
Let u(z) be the first derivative of z**3/3 - 2*z**2 + z - 101. What is u(4)?
1
Let o(c) be the first derivative of 0*c + 6*c**4 + 1/3*c**3 - 6 + 0*c**2. Calculate o(-1).
-23
Let s(y) = 11*y + 1. Let l be s(5). Let o = -51 + l. Let j(i) = i - 9. What is j(o)?
-4
Let x(n) = n**3 - n**2 + n. Let j = 8 + -1. Let r = j - 5. Suppose -r*i + 4*f - 8 - 8 = 0, 4*i = -f + 4. Calculate x(i).
0
Let s be (-5)/(20/(-36)) - 2. Suppose -2*h = -5*a - 10, -2 = 3*a + h - s. Suppose a = -3*y - 9 - 0. Let w(r) = -r - 2. What is w(y)?
1
Let s be (-6 - (-3 - 2))/(2/(-68)). Suppose 5*n - 16 = t, t - s = 3*n - 8*n. Let f(x) = -x**2 + 9*x - 3. Calculate f(t).
-3
Let f = 82 - 26. Let a(i) = -i - f - 47 - 2*i + 101 - 2*i**2. Give a(-2).
-4
Let v(x) = 4*x - 10. Let u(r) = -2*r + 3. Let w(s) = -3*u(s) - v(s). Let m = 1 - 2. What is w(m)?
-1
Let z(h) be the first derivative of 0*h + 15 + 4/3*h**3 + 0*h**2. Let t(a) = a**3 + 2*a**2 - 4*a - 4. Let w be t(-3). What is z(w)?
4
Let f(s) = 15*s - 72 - 29*s + 23 + 11*s. What is f(-16)?
-1
Let b(y) be the third derivative of 0 + 9*y**2 + 1/6*y**4 + 1/15*y**5 - 1/120*y**6 + 1/2*y**3 + 0*y. Give b(5).
-2
Let q = -3 - -6. Let h(k) = k**3 + 2*k**2 - k - 6. Let l(g) = -2*g**3 - 3*g**2 + 3*g + 13. Let j(y) = q*l(y) + 7*h(y). Let n = -151 + 147. Calculate j(n).
5
Let k(j) be the third derivative of j**4/24 - 3*j**3/2 + j**2 + 194*j. Give k(0).
-9
Let y(o) = -8*o - 227*o**2 - o**3 - 7 - 3*o + 219*o**2 - 3*o. What is y(-6)?
5
Let y(f) = 3*f**3 - f**2. Suppose 0*s + 4 = 4*s. Determine y(s).
2
Let u = 185 + -183. Let x(m) = -3*m**3 + 2*m**2 - 2*m - 2. What is x(u)?
-22
Let o(v) = -4*v**2 - 8*v + 1. Suppose -3 = -u - 8. Let w(l) = l**2 + l. Let q(p) = u*w(p) - o(p). What is q(3)?
-1
Let i(k) = k**3 - 8*k**2 + 6*k - 3. Let f(z) = -z + 5. Let p be f(-2). What is i(p)?
-10
Let m(n) be the second derivative of -n**5/24 + n**4/6 + 3*n**3/2 - 2*n. Let c(o) be the second derivative of m(o). Determine c(3).
-11
Let v(i) be the third derivative of 0*i - 2*i**2 + 0 - 1/60*i**5 + 7/6*i**3 + 0*i**4. Calculate v(0).
7
Le